j be (6/(-1))/(9/(-6)). Let w(t) = t**2 - 6*t. Let u be w(6). Suppose -v + j*p + 21 = 0, u = 4*v + p - 24 - 9. What is the units digit of v?
9
Let k = 7 + -2. Suppose 3*r = 4*r, k*r + 63 = 3*b. What is the units digit of b?
1
Suppose 0 = -0*g - 3*g + 156. What is the tens digit of g?
5
Let y be 26/7 - (-18)/63. Let l = y + 8. What is the units digit of l?
2
Let l be 9/(-2)*(-24)/18. Suppose l = m - 13. What is the units digit of m?
9
Let j(x) = -x**2 + 13*x - 16. Suppose 3*p = -2*p - 5. Let g(c) = -10*c**3 - c. Let v be g(p). What is the units digit of j(v)?
6
Suppose -124 = -4*x - 3*h, 0*h = 2*x + h - 64. Suppose x + 2 = -3*m. Let i = m + 17. What is the units digit of i?
5
Let m(s) = 8*s - 12. Let w = -15 - -21. What is the tens digit of m(w)?
3
Let w(v) = -40*v**2 - v + 1. Let g be w(1). Let z = -27 - g. What is the units digit of z?
3
Suppose -2 = -4*u + a, 6 = 3*u - 5*a - 4. Suppose u*d - 3*d + 12 = 0. What is the units digit of d?
4
Suppose 4*q = -f - 14 + 4, -14 = -f + 2*q. Suppose -i - 4*m - 7 - f = 0, -3*i - 2*m + 1 = 0. What is the units digit of i?
3
Let n(s) = s**2 - 3*s + 1. Let q = 4 + -6. Let a be 2 - q/(-4)*-2. What is the units digit of n(a)?
1
Let q be 24/9 - 1/(-3). Suppose 5*m - 6 = -4*w, 0 = -q*m + 4*m - 4*w - 6. What is the units digit of m?
2
Let x = 353 + -212. What is the tens digit of x?
4
Let r(x) = -10*x**3 - x**2 - x - 1. Suppose -5*i - 2 = 3. Let d be i*(0 - 1)*-1. What is the units digit of r(d)?
9
Suppose 3*d - 35 = -s - s, -4*d + 32 = 2*s. What is the units digit of s?
2
Suppose 3*h = -9*q + 4*q + 104, -5*q = -20. What is the units digit of h?
8
Suppose -2*y + 5*u = -277 + 24, -5*y - 4*u + 550 = 0. What is the hundreds digit of y?
1
What is the tens digit of (506 + 3 + -7)*3/6?
5
Let l be 5/(20/(-12)) - -6. Let k(s) = s**2 + 3*s + 3. What is the units digit of k(l)?
1
Suppose -o - 3 = -0*o + 4*z, 3*z + 6 = 0. Suppose 5 = -r + 4*t + 17, 0 = 3*r + o*t - 19. What is the units digit of r?
8
Let z = 45 - -1. What is the units digit of z?
6
Let k = -24 - -36. Suppose 4*n + l = 3*l + 20, k = -3*l. Suppose n*b + 0*b = 18. What is the units digit of b?
6
Suppose 3*o = 5*f + 110, 3*o + 5*f - 68 = 32. What is the tens digit of o?
3
Suppose 0 = -2*m - 5*z + 10, 2*m = -3*m - 2*z + 46. Suppose 8*b = 3*b + m. Suppose -2*j = b*j - 20. What is the units digit of j?
5
Suppose -r - 3*j = 0, 3*r + 0*j = -4*j. Suppose r = -3*n + 15, -3*b - b - 4*n = -28. Suppose -y = -b*y + 2. What is the units digit of y?
2
Let m = 6 - 4. Let o be m/4 + (-1)/2. Suppose o = -4*g + 12, -g = 4*b + 3*g - 56. What is the units digit of b?
1
Let z = -80 - -137. Let a = z - 41. What is the tens digit of a?
1
Let m(l) = -l. Let w(i) = -4*i + 1. Suppose -1 + 7 = c. Let b(t) = c*m(t) - w(t). What is the units digit of b(-2)?
3
Let j(v) = 7 - 2 + v**3 + 3*v**2 - 2 - 2*v. What is the units digit of j(-3)?
9
Suppose 35*q - 678 = 29*q. What is the units digit of q?
3
Let t(u) = u**2 - 8*u + 26. What is the units digit of t(5)?
1
Let n be (2 - -1) + -5 + 2. Suppose n = 2*u - 4, u = 5*s + 3*u - 149. What is the units digit of s?
9
Let a(n) = n**2 + 5*n + 7. Let p be a(-5). Let y be (-1*p)/(-1) + -2. Suppose w + 20 = y*m, -5*m + 0*w = -3*w - 30. What is the units digit of m?
3
Let p be (-5)/((3 - 1)/2). Let v = -2 - p. Let w = v - -9. What is the tens digit of w?
1
Let p(v) = 17*v + 5. What is the tens digit of p(7)?
2
Let u be 4/6 + 230/15. Suppose -u = -3*h - 4. What is the units digit of h?
4
Let q(k) = -2*k**2 - 27*k - 4. What is the tens digit of q(-9)?
7
Suppose 3*d + 2*z = 534, -5*d + 376 + 510 = 2*z. What is the tens digit of d?
7
Let y(v) = -v**3 - 4*v**2 + 5*v + 2. Let r be y(-3). What is the units digit of (r - 1)*8/(-8)?
3
Suppose -93 = -4*f + f. What is the tens digit of f?
3
Let c(y) = -y - 1. Let d(x) = -7*x - 12. Let j(g) = -5*c(g) + d(g). What is the units digit of j(-6)?
5
Suppose 60 + 69 = 3*t. What is the tens digit of t?
4
Suppose 6*q = o + q + 30, 4*o = -5*q + 5. What is the units digit of 3/5 + (-82)/o?
7
Suppose d = -2*d. Suppose -4*o + 99 + 93 = d. What is the units digit of o?
8
Let r = -5 + 7. Suppose -43 = -3*k + r*k. What is the tens digit of k?
4
Suppose -3 - 4 = -l. What is the units digit of l?
7
Let l(x) = x - 9. Let c be l(11). Suppose -c*r = o - 2, -r + 4*r - 2*o + 4 = 0. Suppose -y = -r*y - 21. What is the units digit of y?
1
Suppose 108*h + 780 = 113*h. What is the hundreds digit of h?
1
Suppose -4*z - 19 = z - a, 4*z = a - 15. What is the tens digit of z + 52 + 1 + -2?
4
Suppose -5*r + 31 = -14. Let h(y) = -y + 3. Let c be h(4). Let n = r + c. What is the units digit of n?
8
Suppose -5*d - 24 = -2*d. Let q be 8/(-32) - 26/d. Suppose q*c = c + 32. What is the units digit of c?
6
Suppose -3 = j - 4*y - 5, j - 2 = 3*y. Let g(r) = -4*r**2 - r**2 - r**3 + 2 + j*r - 3*r. What is the units digit of g(-5)?
7
Let d be 13 + 2 + -2 - 2. Let n = -2 + -1. Let o = d + n. What is the units digit of o?
8
Suppose 0 = -8*h + 2*h + 366. What is the tens digit of h?
6
Let g(n) be the second derivative of n**3/2 - 3*n**2/2 - n. Suppose 0 = -5*r + 10 + 5. What is the units digit of g(r)?
6
Let y(k) = k**3 - 10*k**2 + 2*k + 7. Let o be y(10). Let t = -19 + o. What is the units digit of t?
8
Let z(g) = 4*g**2 + 7*g - 33. What is the tens digit of z(-9)?
2
Let y = -17 + 46. What is the tens digit of y?
2
Let h = 21 - 12. What is the units digit of (h/(-6) - -1)*-12?
6
Suppose 2*n = 2*h + 82, 0*h = 4*h - 20. What is the tens digit of n?
4
Let t be (-1*1)/((-4)/48). Let p = t - 7. What is the units digit of p?
5
Suppose 0 = -7*s + 2*s + 20. Suppose -x = -s*x + 21. What is the units digit of x?
7
Suppose 0 = 4*b - 12, 3*y + 4*b + 48 = -0*b. Let a = 3 + 3. What is the units digit of ((-15)/10)/(a/y)?
5
Let v be (3 + -1)/((-4)/(-10)). Let h = 2 - v. What is the units digit of 0 - 1*h - -2?
5
Let h = 38 + -17. Suppose 8 = 3*n - 6*k + 2*k, -h = -5*n - k. What is the units digit of n?
4
Let r(h) = -h**3 - 6*h**2 - 6*h - 1. Let b be r(-5). Suppose 0*f + 3*f - z = 152, f + b*z - 55 = 0. What is the units digit of f?
1
Let t(w) = -w**3 + 10*w**2 + 8*w. What is the hundreds digit of t(8)?
1
Suppose 0 = 2*w + 2*w - 332. What is the units digit of w?
3
Suppose -109 - 206 = -5*h. What is the tens digit of (15/(-9))/(-5)*h?
2
Suppose -9*a - 4 = -544. What is the units digit of a?
0
Suppose 0 = -u - 2 - 3. Let x = u - -8. What is the units digit of x?
3
Let n(r) = -r + 60*r**2 - 62*r**2 - 38*r**3 + 0*r. What is the tens digit of n(-1)?
3
Suppose 117 = 3*n - 0. Suppose 0*l + n = 3*l. What is the units digit of l?
3
Suppose 3*s - 4*a = 606, s + 202 = 2*s + 4*a. What is the units digit of s?
2
Let w(n) = -n**3 + 9*n**2 - 6*n - 5. What is the tens digit of w(8)?
1
Let u(l) = -3*l - 9. Let c be u(-7). Let j be (-5 + 1)*c/(-16). Suppose t = j*t - 10. What is the units digit of t?
5
Let a(y) = -5*y**3 + 4*y**2 + y - 4. What is the units digit of a(-3)?
4
What is the units digit of (-2)/8*219*116/(-87)?
3
Let j be 0*((-6)/4)/(-3). Let u(l) = l**3 - 12*l**2 - 13*l + 1. Let r be u(13). What is the units digit of r*(1 - j)*1?
1
Let a be 2/(-8) + (-81)/(-4). What is the tens digit of (-2 - (1 - 3)) + a?
2
Let z(s) = 4*s**2 - 2*s + 2. What is the tens digit of z(5)?
9
Let q be ((-24)/20)/((-2)/10). Let z = -6 + q. Suppose z*d + d - 9 = 0. What is the units digit of d?
9
Suppose -4*f + f + 9 = 0. Suppose 5*r - 9 = 2*y + 6, f*y + 15 = 5*r. Suppose -t - 3 = -5*p, 4*t - 9 = -p - y*p. What is the units digit of t?
2
Let v(h) = 2*h**2 + 2. What is the tens digit of v(7)?
0
Suppose 3*p - 5 - 7 = 0. Suppose 0 = -5*a + 4*a + p. Suppose -a*r = -r - 27. What is the units digit of r?
9
Let k(i) be the second derivative of i**5/20 - 7*i**4/12 + i**3 + 3*i**2/2 - 2*i. Let b be k(6). What is the units digit of (-12)/(2*b/(-4))?
8
Let s = 168 - 78. What is the units digit of s?
0
Suppose -3*f + 1 = -11. What is the units digit of f?
4
Suppose 0*m + 4 = 4*m, -4*m - 8 = -u. Suppose 4*d - 74 - 27 = -5*g, 2*d - 46 = 2*g. Let c = d - u. What is the tens digit of c?
1
Let f = 179 - 112. What is the tens digit of f?
6
Let g = -47 + 99. What is the units digit of g?
2
What is the units digit of 3 - ((-4)/6)/((-1)/(-204))?
9
Let c(m) = -m + 4*m**3 - 2*m**3 - 2 + 8*m**2 - m**3 - 9*m. Suppose -7*f + 2*